2*y - 54. What is the remainder when 2272 is divided by y?
4
Suppose -t + 4*a + 289 = 30, -5*a + 1015 = 4*t. Calculate the remainder when t is divided by 46.
25
Let u = 16800 - -4549. What is the remainder when u is divided by 68?
65
Suppose 0 = -5*u - 5*q - 15, 57 = 40*u - 35*u - 4*q. What is the remainder when 180 is divided by u?
0
What is the remainder when ((-2472)/(-60))/((-6)/(-30)) is divided by 10?
6
Let u = -131 + 121. Let v be 10*-3*(-2)/u. Calculate the remainder when 2/v + -3 + 777/9 is divided by 21.
20
Calculate the remainder when 4898/18 + 268/18 + -16 is divided by 32.
15
What is the remainder when (3 - 4)*(-2 + -69) is divided by 8/1 - ((-607)/(-2428) - 213/4)?
10
Suppose -2*g + 64 = -k, 5*k = -17*g + 16*g + 65. What is the remainder when 620 is divided by g?
25
Let g(u) = 17*u**2 + 3*u - 7. Suppose p = -5*v + 254, -p = 3*v - 266 + 112. Calculate the remainder when g(3) is divided by v.
5
Suppose 0 = -5*u - c + 60, -7*c = 3*u - 3*c - 36. Suppose -22 = -4*d - 2. Calculate the remainder when u is divided by d.
2
Let z = -20907 - -20910. Let c(h) = 2*h**2 - h + 1. What is the remainder when c(4) is divided by z?
2
Let u be 28 + (5 + -6)*-4. Suppose -u*w + 30*w - 8 = 0. Calculate the remainder when ((-268)/6)/(-2)*(-12)/w is divided by 23.
21
Suppose -4*n - 32 = -5*l, 5 + 5 = 2*n + 4*l. Calculate the remainder when 5/3 - (7 - 322/21) is divided by n - (1 - 10)/1.
4
Suppose 4*r + u = 24, -2*r - 2*u + 26 = 2*u. Let t be (2 - (-6)/(-9))*(-63)/(-14). Calculate the remainder when (1*t/15)/((-1)/(-35)) is divided by r.
4
Let d(r) = -37*r + 4. Let k be d(-2). Let z = k - 32. Calculate the remainder when 32 is divided by (-5)/(-2 + 12) - z/(-4).
10
Let m be -2 + 1 + -3 - -22. Let t(h) = h**3 - 18*h**2 - h + 13. Let s be t(m). Calculate the remainder when 2/s - 66/(-15) is divided by 2.
0
Suppose 0 = -10*s + 21039 + 30381. Suppose -13*f + s = -7*f. What is the remainder when f is divided by 66?
65
Let n = 2447 + -2214. What is the remainder when 726 is divided by n?
27
Let t(h) = 10*h - 13. Let o(u) = -u**3 + 5*u**2 + 3*u - 6. Suppose 14*p - 25 = 9*p. Let g be o(p). What is the remainder when t(g) is divided by 20?
17
Let b(u) be the second derivative of -7*u**3/3 + 103*u**2/2 + 36*u. Calculate the remainder when 84 is divided by b(3).
23
Suppose q = -2*w + 5368 - 767, -w + 4*q = -2341. Calculate the remainder when 6917 is divided by w.
2
Suppose -2*q - 8012 = -4*o, -5*q + 2463 = o + 449. What is the remainder when 6017 is divided by o?
5
Suppose 3*g = -11*g. Suppose g = 20*l + 2*l - 440. Calculate the remainder when 339 is divided by l.
19
Let u = 591 + 540. Suppose 5*m - w - 277 = 845, 5*m + 2*w = u. Calculate the remainder when m is divided by 47.
37
What is the remainder when 493/5 - (-6)/(-10) is divided by (6 - -28)*(11 + -10)?
30
Suppose -92 = 53*b - 54*b. Suppose -b*v + 97*v = 340. Calculate the remainder when 141 is divided by v.
5
Suppose 3*s - 4*r + 0*r = 141, 5*r - 94 = -2*s. What is the remainder when (26 - 38)/(-108) - 5002/(-18) is divided by s?
43
Suppose -6*b + 3*b = 3*f - 24, -4*b = 0. Suppose -f*n + 657 = 1. What is the remainder when n is divided by 22?
16
Calculate the remainder when (122/244)/(2/3356*1) is divided by 42.
41
What is the remainder when 308 is divided by ((-6)/(-4))/((-12)/(-1128))?
26
Let g(q) = -2*q**2 + 23*q + 6. Let m be -3*5/30*-4. Suppose -2*s = -5*v + 41, m*v + 4*s = -s + 28. What is the remainder when g(9) is divided by v?
6
Suppose -79*n + 28*n + 153 = 0. Suppose n*p - 622 = -307. Calculate the remainder when p is divided by 6.
3
Let m = 144 + -143. Calculate the remainder when 12 is divided by (-28*m*4/8)/(-2).
5
Suppose -1656 = -18*k + 3510. Let u(l) = 11*l + 6. Calculate the remainder when k is divided by u(6).
71
Suppose 126 = 10*u + 16. Suppose 446 = 5*b - 4*a - 200, -2*b + 255 = -5*a. Calculate the remainder when b is divided by u.
9
Let j(r) = r**2 - 805*r - 4842. What is the remainder when 7487 is divided by j(-6)?
23
Suppose -17*t = -76*t + 5664. Calculate the remainder when t is divided by 60.
36
Suppose 284 = -3*q + 7*q. What is the remainder when q is divided by 53/5 + (-2144)/1340?
8
Let p = 698 - 676. What is the remainder when 2924 is divided by p?
20
Let s = 64 + -54. Suppose 13*z + 2*y = s*z + 39, -13 = -z - 5*y. Calculate the remainder when 25 is divided by z.
12
Suppose 5*w - 31 = 3*t, 12 + 7 = 5*w + 3*t. Suppose -w*z + 38 = 13. Suppose 5*c - r - 316 = 74, -r + 390 = z*c. Calculate the remainder when c is divided by 42.
36
Suppose -4070*q = -4084*q + 10248. Calculate the remainder when q is divided by 201.
129
Let h(z) = -8*z**2 + 139*z - 36. Calculate the remainder when h(16) is divided by 14.
0
Let x = -40 - -40. Let b be x + -1 + (3 - 4). Let v(h) = -6*h. Calculate the remainder when 46 is divided by v(b).
10
Let z(p) = 63*p**2 - 816*p - 25. Calculate the remainder when 4983 is divided by z(13).
13
Suppose -4*m - 551 = x - 3751, -6364 = -2*x + m. Calculate the remainder when x is divided by 18.
16
Let t be 9 - (9/(-3) + (7 - 0)). Suppose 4*y = 5*p + 67, 5*p = 3*y - t*y + 71. Let o = -16 - -22. What is the remainder when y is divided by o?
5
Calculate the remainder when 310 is divided by 42*(245/30 - 6).
37
Let z = 26 - 36. Let a(j) = 3*j + 43. What is the remainder when 77 is divided by a(z)?
12
Suppose 15*v = 11*v + 8. Suppose u = 3*t + 78, -t - 57 = -v*u + 99. Calculate the remainder when 150 is divided by u.
72
Let k = 12452 + -12205. What is the remainder when 821 is divided by k?
80
Suppose 4*i = 3*f + 1439, 5*f + 1232 = 4*i - 201. Calculate the remainder when i is divided by 8.
2
Let q(v) = 4*v + 43. Let l be q(-15). Let s(z) = -z**2 - 25*z - 76. What is the remainder when 297 is divided by s(l)?
57
Suppose -5*k - 4*a = -223, 49*k - 46*k + 3*a - 135 = 0. What is the remainder when 3781 is divided by k?
40
Let n = -27050 + 27718. Calculate the remainder when 2011 is divided by n.
7
Suppose 12*m - 221 = -1481. Let a = m - -168. What is the remainder when 377 is divided by a?
62
Let w = -184 + 2461. Suppose 765 = 9*d - w. Let n = -231 + d. What is the remainder when n is divided by 9?
8
Suppose 5*j - 160 = j. What is the remainder when j is divided by 3/(((-70)/(-252))/(35/21))?
4
Suppose -5*l + 2899 = -2*f, -5*l + 2*l = 3*f - 1731. Suppose 5*c - l = 631. Calculate the remainder when c is divided by 49.
46
Let w = -90 + 96. Suppose -w = -4*p + 2*p. Suppose -p*u + 2*u = -42. What is the remainder when u is divided by 15?
12
Let b(u) = u**2 - 11*u + 9. Let h be b(10). Let v(l) = -7*l**2 - l - 2. Let r be v(h). Let p(y) = -8*y + 13. What is the remainder when p(r) is divided by 4?
1
Suppose 39 = z + w - 81, -3*w = -2*z + 210. Calculate the remainder when 317 is divided by z.
89
Suppose 7*k + 5 = 2*k, 0 = 4*g + 4*k - 20. Suppose -8*d = g*d - 4*d. Suppose -49*i + 48*i + 28 = d. Calculate the remainder when 137 is divided by i.
25
Suppose -q - 1 + 4 = 0. Suppose 8*g - 29 = q. Suppose g*t - 16 = 40. Calculate the remainder when t is divided by 9.
5
Let d(q) = -q**3 - 4*q**2 - 2*q - 5. Let f be d(-7). Suppose -8*x = -10*x + f. Suppose -x = 3*b - 6*b. What is the remainder when b is divided by 15?
11
Let b = 111 + -108. Suppose b*o - 4*j - 149 = 0, 4*j - 4 = -0. What is the remainder when o is divided by 8?
3
Suppose 0 = -8*o - 59*v + 62*v + 3353, 4*o - 5*v = 1687. Calculate the remainder when 2926 is divided by o.
0
Let w(v) = 4*v**2 - 47*v - 11. Let g be w(12). Let d be (-8 - (3 - 6))*-1. What is the remainder when 30 is divided by d + g - 28/(-14)?
6
Let f(d) = -38*d - 92. Suppose -2*p - 44*t = -49*t + 6, 5*p = -t - 15. What is the remainder when 75 is divided by f(p)?
9
Suppose 3*q = 27*q - 689 - 631. Suppose 0 = 2*k - 4*k - 3*p + 435, 0 = 5*p - 5. What is the remainder when k is divided by q?
51
Let m(s) = 13*s**2 - 124*s + 1216. Calculate the remainder when m(9) is divided by 35.
33
Suppose -6*f = -7*f - 5. Let t be f/(-2) - -2*2/(-8). What is the remainder when 4*t/(32/236) is divided by 10?
9
Let q(g) = -10*g**2 + 414*g - 19. What is the remainder when 166 is divided by q(41)?
21
Let n be (-30144)/432 + 2/(-9). What is the remainder when 131 is divided by 304/14 - 20/n?
21
Let f be (5600/(-98))/(-10) + 2/7. Suppose -1012 + 1654 = f*g. Calculate the remainder when g 